3 + r**3 + 3. What is the units digit of x(7)?
5
Suppose 29 = -3*r + 2*r + 4*q, -2*r + 5*q - 43 = 0. Let a = 3 - r. What is the tens digit of a?
1
Let j be 15/60 - 73/4. Let b be (j/(-10))/((-21)/(-140)). Suppose -5*f - 5*y + 127 = -y, -b = -4*y. What is the units digit of f?
3
Suppose 5*t = g - 6*g + 16095, 0 = -4*t + 2*g + 12900. What is the tens digit of t?
2
Suppose -2*i + 5*i = 6. Let m(p) = 14*p**2 - 3*p. What is the tens digit of m(i)?
5
Let m(g) = 3*g**3 + 2*g**2 + g + 138. Let s(u) = -u**3 - u**2 - 1. Let b(f) = m(f) + 2*s(f). What is the units digit of b(0)?
6
Let v(l) = l. Let r(x) = 2*x**2 + x - 2. Let w be r(-2). Let o be (w - 1) + (-2 - -1). What is the units digit of v(o)?
2
Let l = 7962 + -5300. What is the thousands digit of l?
2
Suppose 0 = -5*c - 0*c + 10. Suppose c*j + 26 = 4*j. What is the tens digit of (-2 - -5)/3*j?
1
Suppose 12 = -4*g + 2*p + 3*p, g - 5*p + 18 = 0. What is the tens digit of 326/3 + g/6?
0
What is the thousands digit of 204/476 - 7235/(-7)?
1
Let q = -1643 + 4496. What is the tens digit of q?
5
Let y(b) = 8*b**2 + 2*b - 4. Let l = 1 - 5. What is the units digit of y(l)?
6
Let h(v) = -16*v + 69. Let s(x) = -3*x + 14. Let m(w) = -2*h(w) + 11*s(w). Let u(i) = -3*i + 18. Let q be u(2). What is the units digit of m(q)?
4
Let u = -675 + 2294. What is the thousands digit of u?
1
Let s(d) = d**3 + 4*d**2 - 2*d - 5. Let g be s(-3). Let i be (18/(-45))/(2/g). What is the tens digit of (i - (-28)/10)*50?
4
Suppose w - 2*w = -2. Let o(d) = -d**3 + 2 - d - 2 - w + 0 + d**2. What is the tens digit of o(-3)?
3
Suppose 11*k - 4232 = 2951. What is the tens digit of k?
5
Suppose -3*z + 9 = -0*u + 3*u, -3*u + 8 = 4*z. Let f(w) = -5*w**2 - w - 1. Let v be f(z). Let j(t) = t**2 - t - 4. What is the tens digit of j(v)?
2
Let o(u) = -2 + 5 - u - 3*u + 2*u**2. Suppose 15*i - 82 = 23. What is the tens digit of o(i)?
7
Let i be 0 + 26 + -10 + 8. What is the units digit of i/4 + -2 - 2?
2
Suppose -d + 58 = -49. Suppose n = -0*k - 3*k + d, 103 = n - k. Suppose 0 = -4*u - 0*u + m + n, 3*u - 5*m - 61 = 0. What is the units digit of u?
7
Let c = -15 - 15. Let d = c - -12. What is the tens digit of (-564)/d*6/4?
4
Let n(q) = 2*q**3 - 6*q**2 + 4*q - 8. Let s(t) = -t**3 + 1. Let g(w) = -n(w) - 3*s(w). What is the units digit of g(-5)?
0
Let j(z) = 7*z - 10. Let k be j(5). Let p = k - 0. What is the units digit of p?
5
Suppose 8*t - t = 18515. What is the thousands digit of t?
2
Let f(o) = 13*o + 10. What is the units digit of f(20)?
0
Suppose 7796 + 22363 = 27*o. What is the units digit of o?
7
Let w be (1 - 8)/(352/(-40) - -9). Let d(m) = -2*m**2 - 7*m - 5. Let x be d(-5). Let b = x - w. What is the tens digit of b?
1
Suppose -5*k = -4*n + 2 - 4, 4*k = 4*n. Suppose -4*y - n*d + 3*d + 48 = 0, 2*y - 24 = -3*d. What is the units digit of y?
2
Let y = -37 + 82. Let c be (-654)/(-26) + (-26)/169. Suppose q - 5*o - y = 0, c = 2*q - 0*o + 3*o. What is the tens digit of q?
2
Let f(l) be the second derivative of l**5/20 + l**4/12 - 5*l**3/6 - 7*l**2/2 - 22*l. What is the units digit of f(3)?
4
Suppose 2*q + 5*a - 762 = 10*a, 4*a - 368 = -q. What is the tens digit of q?
7
Let u = 25 + -85. Let x = -32 - u. What is the tens digit of 2/(-8) + 511/x?
1
Let g = -268 + 524. What is the tens digit of g?
5
Let i(x) = -60*x - 4. Let v = 29 + -31. Let b be i(v). Let k = b + -39. What is the units digit of k?
7
Let u(m) = m**3 + 13*m**2 - 12*m + 31. Let n be u(-14). Suppose 411 + 42 = 4*b + 5*v, -n*v = -b + 109. What is the tens digit of b?
1
Let m be (-9)/(-6) + (-21)/(-6). Let i be (-3)/6 + m/(-2). What is the units digit of (i/3)/(2/(-46))?
3
Suppose 6*d + 5588 = 17*d. What is the units digit of d?
8
Suppose 0*z = 4*z - 8. Suppose -z*g + 5*g - 15 = -3*a, -5*a = g - 17. Suppose 7*u - 9 = -g. What is the units digit of u?
1
Suppose 3*g - 6 = 4*n + 12, 4*g = -n + 5. Suppose 2*l = -k + l + 21, g*l - 80 = -4*k. What is the units digit of k?
9
Let m = 524 + -128. What is the units digit of m?
6
Let l be (-30)/(-12)*4/1. Suppose 0*h + h = l. Let r = h + -4. What is the units digit of r?
6
Let q = 2 + -6. What is the units digit of (-1755)/(-36) - 1/q?
9
Let d = -6669 + 9593. What is the tens digit of d?
2
Suppose 0 = 142*p - 134*p - 11232. What is the thousands digit of p?
1
Let h = -1601 + 3200. What is the tens digit of h?
9
Let h be 2/8 - (-138)/(-8). Let p = h - -19. Suppose p*q - 3*s = -s + 28, 3*q + 3*s = 66. What is the tens digit of q?
1
What is the units digit of (5/((-85)/153))/((-6)/1064)?
6
Suppose 4*c + 3*r - 3 = 0, -5*c + 0*r + r = 1. Let o(q) = q**3 + 33. Let j be o(c). Suppose 3*n - 108 = -j. What is the tens digit of n?
2
Let i be 40/2*19/38. What is the tens digit of 1155/27 - i/(-45)?
4
Let m(g) = 23*g**2 + 85*g - 2. What is the units digit of m(-6)?
6
What is the hundreds digit of (-2)/(-24)*4 - (-410)/3?
1
Suppose 9*m - 805 = 4*m. What is the hundreds digit of m?
1
Let u(o) = 2*o**2 - 15*o - 8. What is the hundreds digit of u(13)?
1
Let y(j) = 39*j - 47. Suppose o + 36 = 5*o - g, -2*g - 24 = -2*o. What is the tens digit of y(o)?
6
Suppose -o - 705 = -5*s, 0*s - 4*o - 440 = -3*s. Let g = s - 83. What is the units digit of g?
7
Let y = 18 - 18. Suppose -5*i + 7*i = y. Suppose -s + 47 = -3*q, -2*s + 4*q + 90 = -i*s. What is the tens digit of s?
4
Let b be ((-27)/45 - (-42)/(-5))/(-1). Suppose 4*o = b*o - 830. What is the units digit of o?
6
Suppose -43 - 17 = -3*j. Suppose -t - 4*i = -10, -5*t - 6*i + i = -j. Suppose 2*a + 9 = s - 22, -t*a = 5*s - 119. What is the tens digit of s?
2
Suppose -26*h = -28*h + 836. What is the hundreds digit of h?
4
Let b = -176 - -125. Let t = b - -80. What is the tens digit of t?
2
Let j(b) = -4*b + 79. What is the units digit of j(-8)?
1
Suppose 0 = -6213*n + 6208*n + 4505. What is the units digit of n?
1
Suppose -57 = -g + 4*g. Let r(x) = -4*x - 18. What is the tens digit of r(g)?
5
Let h be (-4 - (-24)/6)/(-2). Suppose 3*q - 2 = 2*q. Suppose 7*g - q*g - 10 = h. What is the units digit of g?
2
Let t(f) = -3*f - 7. Let k be t(-3). What is the units digit of 11/((-108)/(-52) - k)?
3
Let h(d) = -6*d + 11. Let o = 21 - 26. What is the units digit of h(o)?
1
Let g(f) = -f + 10. Let n be g(10). Suppose n*o + 212 = 4*o. What is the units digit of o?
3
Suppose 0 = 5*l - 29 + 9. Let f(v) = v**3 - 3*v**2 - 3. What is the units digit of f(l)?
3
Let d(i) = -i**2 + 28*i - 35. Let t be d(25). Let k = -17 - -111. Let x = k - t. What is the tens digit of x?
5
What is the tens digit of 584 + 4/18 + (-624)/(-108)?
9
Suppose 10*l = 7*l + 660. Let w = 347 - l. What is the hundreds digit of w?
1
Suppose 0 = 25*a - 18791 - 1584. What is the tens digit of a?
1
Suppose 3*x + 719 = 4*a - 1018, 5*x = a - 413. What is the units digit of a?
8
Let q be (-24)/(-180) + (-2)/15. What is the units digit of (-28 + -4)/(q - 2)?
6
Suppose -11901 - 7019 = -22*s. What is the hundreds digit of s?
8
Let r(u) = -78*u**3 + 2*u**2 + 3. What is the hundreds digit of r(-3)?
1
Let x = 79 - -192. What is the hundreds digit of x?
2
Let m = -13 - -47. What is the tens digit of m + 20/5 + 0?
3
Suppose -12*q - 22 = -94. Let n(y) = 2 - 4*y + y**2 + 1 - 1. What is the units digit of n(q)?
4
Let o be 58/(-5*(-6)/105). Let x = -139 + o. What is the tens digit of x?
6
Let f(t) = -4*t**3 - t**2 - 2*t. Let s be f(-1). Suppose -5*r + s + 600 = 0. What is the hundreds digit of r?
1
Let w(o) = o**2 - 25*o + 7. Let z be w(16). Let f = 248 + z. Suppose 55 = 3*y + 2*q - 65, -3*y = 5*q - f. What is the units digit of y?
2
Let k(o) = 2*o - 16. Suppose -j = -6*j - 110. Let d be (2 - 0)*j/(-4). What is the units digit of k(d)?
6
Suppose -q - 2816 = -5*s + 3179, -4*s + 3*q + 4785 = 0. What is the tens digit of s?
0
Suppose 5*h = -3*f + 170, -2*h - 3*f + 48 = -29. Suppose -3*q = -4*g - h - 498, 4*q - 680 = -g. What is the tens digit of q?
7
Let o(s) be the first derivative of s**2 - 10*s + 6. Let n be o(8). Suppose 30 = -v + n*v. What is the units digit of v?
6
Suppose 3*n - 4*n = -4*w - 201, -n - 5*w = -219. What is the units digit of n?
9
Let n = -10 + 4. Suppose 4*v - 2*v = -120. What is the units digit of (-1884)/v + n/(-10)?
2
Suppose 0*z + 5*z = -3*j + 14328, z = -4*j + 2869. What is the hundreds digit of z?
8
Let j be -2*3/2 + 0. Let k be (-1 - j) + -1 - -17. Suppos